ands digit of z?
4
What is the units digit of 156/(-624)*(-39765 + 1)?
1
Suppose 0 = 4*y - 4*v - v - 97, -2*v + 26 = 2*y. Let f be ((-4)/y + (-5)/45)*9. Let a(q) = 9*q**2 + 13*q - 3. What is the units digit of a(f)?
9
Suppose -15 = 3*g - 3*v, -2*g + 6*g + 5*v = 16. Let d be 1 + 75/20 - g/4. Suppose -c = -d*w - 6*c + 920, 4*w - 4*c = 712. What is the units digit of w?
1
Let l(a) be the third derivative of a**5/6 - a**4/6 - a**3 + 11*a**2. Let z be l(4). What is the tens digit of (-3)/(-1) - (-16 - z)?
5
Let g be 7 - -4*(-2)/8*-1. Suppose g*w - 1225 = w. Suppose -6*s + 5*i = -s - 525, w = 2*s + 5*i. What is the tens digit of s?
0
Suppose 0*j = 4*q + 5*j - 445, -4*j = 4*q - 448. Suppose -t = -4*d - 4*t - q, -3*t = -9. Let u = d + 38. What is the units digit of u?
7
Let f = 45938 + -27862. What is the tens digit of f?
7
Suppose 4*w - 36*w = -84576. What is the thousands digit of w?
2
Let z = -2767 + 6818. What is the hundreds digit of z?
0
Let n(v) = -v**3 - 20*v**2 - 78*v + 90. What is the tens digit of n(-22)?
7
What is the hundreds digit of 1304*(30/15 + 0)?
6
Suppose 0 = -5*o + 954 + 1501. Let c = 1176 - o. What is the units digit of c?
5
What is the ten thousands digit of 1084*15/80*572/3?
3
Suppose h = -5*p - 48, 0*h + 3*h + 34 = -4*p. Let x be (-43)/(-4)*(-14 - p) - -2. Let z = 147 - x. What is the units digit of z?
8
Suppose j = -8 - 15. Let v = j - -27. Suppose -6*b + 6 = -3*b, v*z = -5*b + 642. What is the hundreds digit of z?
1
Let s(v) = -3*v**2 + 27*v - 20. Let p be s(8). Suppose -4*y + 252 = -3*c + 4*c, -p*y - 1212 = -5*c. What is the units digit of c?
4
Let l = -48 + 19. Let x = -19 - l. Suppose 7*c + x = 430. What is the units digit of c?
0
Let f(w) = 564*w**2 + 383*w + 1937. What is the units digit of f(-5)?
2
Let f(h) = -h**2 + 14*h - 41. Let t(j) = -2*j + 39. Let n be t(15). Let u be f(n). What is the units digit of 338/u - 6/(-12)?
5
Suppose -2*b = 4*r - 1542, 2*b + 1539 = 4*r + 7*b. Let m = 378 - 375. Suppose 4*f - 2*d - r = 0, -269 = -m*f - 2*d + 24. What is the tens digit of f?
9
Let g = -79053 + 133906. What is the thousands digit of g?
4
Suppose -i = 2*i - 453. Suppose 8 = -m + 5*g, 5*g + 6 = 4*m - 7. Suppose -m*a - i = -613. What is the tens digit of a?
6
Suppose -5*o - 1364 = -5919. What is the tens digit of o?
1
What is the ten thousands digit of (3451/(-51)*18/(-30))/(1/415)?
1
Suppose 14*v - 177408 = 20230. What is the ten thousands digit of v?
1
Suppose 132838 = 2*q + 15*u - 11*u, 4*u = 4*q - 265724. What is the thousands digit of q?
6
Let a(d) = 4923*d**2 + 104*d - 13. What is the hundreds digit of a(2)?
8
Let k(l) = -l**3 + 10*l**2 - 25*l + 9. Let n be k(6). Suppose -n*h - 317 = -2*a, -a + 33*h - 38*h = -152. What is the units digit of a?
7
Let m be 3/18 - (-41)/6. Suppose -7 = -51*t + 197. Suppose -m*d + t*d = -804. What is the units digit of d?
8
Let t = 3051 + 17644. What is the ten thousands digit of t?
2
Let w(r) = 407*r**3 - r**2 - 59*r + 339. What is the tens digit of w(5)?
9
Suppose 2130 = o + o. Suppose -10*w - o = 5*w. Let n = 144 + w. What is the tens digit of n?
7
Suppose -50 - 46 = -2*m. Let i = m - 45. Suppose -7*z = -i*z - 140. What is the units digit of z?
5
Let u = 77 + -156. Let j = u + -152. Let o = 442 + j. What is the tens digit of o?
1
Suppose 20738 - 72860 = -146*j. What is the hundreds digit of j?
3
Let a = -49 + 46. Let q be (3 - 1) + 0*a/(-21). What is the units digit of (-2)/(-12)*q*150?
0
Let h = 158028 - 87366. What is the tens digit of h?
6
Let m(t) = t**2 + 13*t + 5. Let k be m(-13). What is the hundreds digit of (-7)/((-56)/(-20))*(-772)/k?
3
Let k(w) = 48*w**2 + 5*w + 4. Let p be k(3). Let v = p + -100. Suppose 11*t - v - 89 = 0. What is the units digit of t?
0
Suppose 5*b + 3*z = -100, -z - 27 = b + z. Let q(m) = -m**3 - 16*m**2 + 15*m - 10. Let k be q(b). Let g = -11 + k. What is the tens digit of g?
1
What is the hundreds digit of 0 + 20335/1 + (-13 - (-37 + 17))?
3
Let t(y) = -209*y**3 + 2*y**2 - 3*y - 3*y + 207*y**3 - 24. What is the tens digit of t(-6)?
1
Suppose -22*k = -12*k + 180. Let b = k + 179. What is the units digit of b?
1
Let k be (-4760)/(-5) - (8 + -4). Suppose 2*c - 1032 = -4*j - 104, -4*j = -3*c - k. What is the tens digit of j?
3
Suppose 185 = -2*o + 5*s, -505 = 5*o + s - 5*s. Suppose -2*v = a + 261, 0*v - 20 = 5*v. Let y = o - a. What is the hundreds digit of y?
1
Suppose 3*d = -4*d + 1176. Suppose -26*t + 30*t = -2*l + d, -2*t = 5*l - 452. What is the tens digit of l?
9
Let y(b) = 5*b**3 - 28*b**2 + 43*b + 214. What is the thousands digit of y(26)?
0
Let h be (-56 - -3)/((-2)/8). Let w(s) = 2*s**2 + s. Let y be w(1). Suppose y*o - 5*o = 4*t - 138, 3*o + t - h = 0. What is the units digit of o?
1
Let l(i) = 453*i - 1113. Let a be l(4). Let b be 478 + (0 - 0)/(-1). Let n = a - b. What is the units digit of n?
1
What is the hundreds digit of -1*(-3)/(-12)*-37916?
4
Let c(f) = 2*f - 14. Let p be c(8). Suppose p = z - 2*z. What is the units digit of 2/12*-2*234/z?
9
Suppose -3*x - 9 = -3*p, x + 7 = p - x. Let d be (-21 - -22)/((-1)/(p*29)). Let j(o) = o**3 - 28*o**2 - 22*o - 47. What is the tens digit of j(d)?
5
Let t(k) = -5*k**2 - 18*k + 30. Let u(n) = n**2. Let z(b) = t(b) + 6*u(b). Let y be z(16). What is the units digit of ((-8)/3 - 2 - y)*-12?
2
Suppose 8*p + 4625 = 31345. What is the hundreds digit of p?
3
Suppose -547*g + 68178 = -544*g - 4*n, -n + 68208 = 3*g. What is the ten thousands digit of g?
2
What is the tens digit of (9268/(-12))/(17/(-867))?
8
Suppose -75*h = -77*h + 13888. Suppose 8*o + 6*o = h. What is the hundreds digit of o?
4
Suppose -2*w + l + 4 + 0 = 0, 4*w + 5*l + 20 = 0. Suppose w = z - 1, z - 11 = -4*x - 2*z. Suppose v - 80 = -x. What is the units digit of v?
8
Let j be (80/(-30))/(2*2/792). Let c = j - -1263. What is the hundreds digit of c?
7
Suppose 2695818 = 65*d - 2393812. What is the hundreds digit of d?
3
Let z be ((-5 + 3)/(-2))/((-29)/(-145)). Let c(n) = 140*n - 359. What is the units digit of c(z)?
1
Let k be (3/(-2))/(14*51/106624). What is the tens digit of (k/(-40))/(-4)*-790?
0
Suppose 2*a - 504 = 8*a. Let u be (-24)/a - (-33)/7. Suppose 4*y = -r + 476, u*y - 2*r + 7*r = 580. What is the units digit of y?
0
Let a = -793 - -1459. Let w(f) = -f + 12. Let j be w(9). Suppose j*d + 3*r - 384 = 0, 5*d + r = a - 22. What is the units digit of d?
9
Let p = 305 + -300. Suppose -p*r = -3*o - 2708, 2*r - 1079 = -5*o + 2*o. What is the hundreds digit of r?
5
Let l = -167 + 172. Suppose -l*s = -7*s + 214. What is the units digit of s?
7
Let y = 12564 - 7839. What is the hundreds digit of ((-14)/5)/((-45)/y)?
2
What is the hundreds digit of 937184/28 - 1 - (-1 + -13)/98?
4
Let q(f) = 9*f - 57. Let i be q(9). Let x = i + -49. Let a = 65 + x. What is the tens digit of a?
4
Let y be (50 - 12)/((-1)/(-1)). Let b = 141 - y. Suppose -1040 = -b*c + 99*c. What is the units digit of c?
0
Let u be (-4 + 2)*((-12)/(-2) - -27). Let h = u - -197. What is the hundreds digit of h?
1
Suppose -33*y + 28*y - 178596 = -23*y. What is the tens digit of y?
2
Suppose -4*h + 8649 = -3*n - 12578, n = 4*h - 21241. What is the hundreds digit of h?
3
Let t(z) be the first derivative of -z**4/4 + 3*z**3 + 7*z**2 + 27*z + 161. What is the tens digit of t(-8)?
0
Let t = -130 + 70. What is the units digit of 9/t*-5 - 21315/(-28)?
2
Suppose -5*d + d = -3*q - 92, 0 = -4*q - 5*d - 71. What is the tens digit of q/36*1005/(-2)?
3
Let o(h) = 0*h**3 - 4*h**3 + 5*h + 8*h**3 - 45 + 17*h**2 - 3*h**3 + 4*h. What is the tens digit of o(-15)?
7
Let d = -57222 - -88566. What is the tens digit of d?
4
Suppose -181 + 643 = 6*w. Suppose -4*z - 3*o + 144 = 46, 3*z + 4*o = w. Suppose 5*q - z - 712 = 0. What is the tens digit of q?
4
What is the hundreds digit of 424297/9 - (0/9 - 14/(-126))?
1
Suppose 5*p - 41 = 4*a, 4*p - 4*a - 11 = 25. What is the tens digit of 116/p + (-12)/10?
2
Suppose 170*j = 172*j + 6. What is the units digit of 4532/11 - (j - (3 + -5))?
3
Let p be (3/2 - 0)/((-120)/(-80)). Let o be (1 - p) + (0 - (-4)/1). Suppose 3*i = -o*f + 321, -6*f = -2*f + i - 315. What is the tens digit of f?
7
Suppose 0 = -4*v + y + 29120, -2*y - 36400 = -42*v + 37*v. What is the units digit of v?
0
Let h = -6139 - -9062. What is the hundreds digit of h?
9
What is the ten thousands di